
-3
What is 3 - (-1 - (3 + -8))?
-1
Calculate 2 - -1 - (12 + -8) - -4.
3
Evaluate -3 + -5 + 6 + 4.
2
What is 0 + (-5 - -3) + -1?
-3
What is 2 - ((-1 - -2) + 4)?
-3
What is 17 - ((-5 - -11) + 3)?
8
Calculate 6 + (0 + -9 - (-15 + 9)).
3
Evaluate -2 + 6 + -1 - (26 + -19).
-4
What is 0 + -9 + (21 - 21) + 4?
-5
What is 3 + (-14 - -7) - -1?
-3
Calculate (5 + 0 - 2) + -4.
-1
-2 + 0 + -3 + (2 - 0)
-3
What is the value of 2 - ((4 - 2) + 3)?
-3
What is the value of (-4 - -3) + 0 - 1?
-2
1 + 6 - (-94 + 99)
2
What is the value of 0 + 4 + (48 - 54)?
-2
Calculate -3 + -3 - (-4 + -7).
5
Evaluate (11 - 16) + (11 - 2).
4
What is -7 - (-7 + (3 + 2 - 2))?
-3
What is the value of 25 + -23 - (0 - 1)?
3
What is the value of 1 - (-15 + 0 + -1 + 8)?
9
Evaluate (-3 - (1 - 4)) + -4 - -2.
-2
3 - (-1 - -1) - (2 - 1)
2
Evaluate -1 - (-1 - (-4 - 0)).
-4
What is the value of 0 + 1 + (-30 - -30)?
1
-1 + 5 + (47 - 54) - 6
-9
Evaluate -3 + -1 - (-4 + 7).
-7
What is the value of 5 + (-14 - -7) - -2 - 7?
-7
(1 + -9 - -6) + 1
-1
Evaluate -1 + 0 + 1 + 0 + 2.
2
Evaluate -3 - 0 - (-4 + 10 + -5).
-4
0 + -1 - (-7 - (-9 - -7))
4
Evaluate -2 - (-2 - (-4 + 0)).
-4
What is 1 + (12 - 6 - 11)?
-4
(-6 - -2) + 4 + 2
2
Calculate (4 - 1) + (-8 - -5).
0
What is 4 - (0 - -8) - 0?
-4
What is the value of -6 + (2 - 5 - (-13 - -7))?
-3
Evaluate 3 + -6 + -1 - (11 + -9).
-6
Calculate 3 + (1 + 2 - 1).
5
Calculate 0 + (-7 - -5 - 4).
-6
Calculate 17 + -19 - (-2 + 1 + 3).
-4
Evaluate -3 - (-1 - (-11 + 4) - 16).
7
What is the value of 14 - (-3 + (5 - -5))?
7
(4 - -4) + 1 + -23 + 18
4
2 + (-7 + 1 - -6)
2
-3 - -4 - (-13 + (7 - 0))
7
Calculate 9 - (-24 + 11 - -13).
9
10 - 7 - (6 - 2 - 2)
1
Evaluate (0 - -4) + -2 + 1 + -3.
0
-3 - (10 + (-11 - -7))
-9
Calculate 1 + -8 + 10 + -1.
2
What is the value of -1 - -1 - 2 - (3 + -7)?
2
What is (-2 - (16 + -8)) + 4?
-6
Calculate 1 - -1 - 7 - (177 - 186).
4
What is the value of 13 + 2 - (23 + -8 + -7)?
7
What is the value of (-5 + 2 + -1 - -4) + -3?
-3
What is 3 + (-6 - -3) + 4 - 3?
1
What is the value of -3 + -1 + (-4 - -2) + 1?
-5
What is (0 - -3) + (-1 - (0 + 1))?
1
-4 + 0 - (-7 + 7)
-4
(0 - -1) + 0 - 0
1
2 - 6 - (4 + -4)
-4
Calculate 1 + 1 - (2 + 0 + -10).
10
What is 0 + 11 - (-32 - -39) - 5?
-1
-7 + 8 - -13 - 4
10
27 + -2 + -14 - 5
6
What is the value of (2 + -2 - (-1 + 3)) + 6?
4
What is the value of -1 + (-7 - (-1 - 4))?
-3
Calculate 1 + (0 - (4 - 4)).
1
Evaluate 2 + 11 + -7 + -1.
5
Calculate 0 + 0 - (12 - 2 - 7).
-3
What is the value of 8 - 7 - -5 - 9?
-3
What is the value of -1 + 10 + -8 + 9?
10
Calculate 2 - -2 - 0 - (-139 - -154).
-11
What is the value of 2 - (-11 - (-8 - -5 - 4))?
6
Evaluate -2 + -1 + (0 - -1).
-2
Calculate 0 + 4 - (0 + 4).
0
(-19 - -17) + 2 + -3
-3
What is -2 - (-2 - ((9 - 4) + -7))?
-2
What is the value of (-8 + 3 - 2) + 2?
-5
What is the value of -2 + (22 - 21 - (-2 - 1))?
2
3 + -1 - (-27 + 24)
5
Calculate -130 + 138 - (1 + 6 + -1).
2
Evaluate -2 + (-1 - -5 - (-21 + 20)).
3
What is (2 - 12) + 6 + 4 - -2?
2
Evaluate -3 + (6 - -1) + -1 + 2.
5
Calculate -3 + 1 - -4 - 1 - -2.
3
Calculate -1 + (4 - (1 - (-7 - -3))).
-2
Calculate 3 - (1 + -2 + (6 - 5)).
3
-5 + (1 - (0 + (-8 - -4)))
0
What is 3 + (-3 - (-3 - -4))?
-1
What is -3 + -1 + 4 + -2?
-2
-20 + 27 + (-5 - 2)
0
Evaluate -16 + 23 - (5 + 1 - 2).
3
-21 + 1 + 12 - -12
4
What is the value of -17 + 4 + (1 - -1) - -5?
-6
Evaluate -1 + -6 - (-3 + -2).
-2
What is -15 - (-14 + 1) - (-3 - 0)?
1
What is the value of (4 - (1 + -1)) + -3?
1
(0 - 5) + -1 - -1
-5
9 + -5 - 3 - -2
3
What is the value of -7 + -12 + 22 + 3?
6
What is 10 + -14 + 1 + 2?
-1
What is the value of 0 + 8 - 0 - (21 + -17)?
4
Calculate -2 + (4 - (1 - -4)).
-3
(-10 + 9 - (0 - 0)) + -3
-4
Calculate 27 - 26 - (-1 + 1 + 6).
-5
What is 1 + (-7 - (2 - 5))?
-3
(-3 - -7) + 3 + -2
5
What is 1 - 10 - (-11 - (-15 + 5))?
-8
1 + -7 - -5 - (-1 + 1)
-1
What is 8 + -16 + 2 - -5?
-1
Calculate 6 + (-3 - (3 - 2)).
2
0 - (-1 + 2) - (1 + 1)
-3
What is -13 - (-4 + (-14 - -6))?
-1
(-4 - (-2 - 0)) + 1
-1
What is the value of 2 - 3 - (-6 + 1 + 3)?
1
(-9 - -10) + (1 - (-1 - -3))
0
What is 6 - (-2 - -8) - 5?
-5
Evaluate 2 + 0 - (-17 + 5 + 7).
7
Evaluate -14 - (-2 - (-7 + 5 + 7)).
-7
What is 10 + 1 + 1 + (-2 - 5)?
5
What is the value of 5 - (-2 - -4 - 3)?
6
4 + 4 + -3 + -3
2
Calculate -1 + (5 - (4 + 1)).
-1
What is -10 + -3 + 7 + 5?
-1
What is -4 - -1 - 3 - (-57 + 60)?
-9
(3 + -2 - (-15 + 13)) + -1
2
Calculate -8 - -4 - (-3 + 0).
-1
Calculate -12 + 11 + -9 + 5.
-5
5 + -2 + -6 + (1 - -1)
-1
Calculate -2 + (3 + -4 - -1) - -5.
3
Evaluate 2 + -2 - (1 + 9 + -7).
-3
What is the value of (-5 + -3 - 6) + 10 + -4?
-8
Evaluate -9 + 16 - (5 - 1).
3
Evaluate -1 - (3 - (-1 + -5) - 5).
-5
What is the value of 3 - -5 - 7 - -3?
4
What is the value of -4 + (4 + 6 + -8 - 1)?
-3
Calculate (-8 - 0) + (-3 - -10).
-1
-3 - (6 + 5 + -19)
5
What is 4 + 3 + -2 - 2?
3
What is 3 - (-5 + (-1 - -3) + 2)?
4
What is -3 + 4 - (-3 + 0 - -2)?
2
Evaluate 1 + -3 + -1 + (-2 - -4).
-1
What is the value of (17 - (-9 + 18)) + -8?
0
Calculate -6 - -11 - 8 - (-3 - 4).
4
Calculate 12 - (20 + -12) - -6.
10
Evaluate (5 - (5 - 3)) + -3.
0
Calculate (5 - (-3 + 5) - -1) + -9.
-5
What is the value of 3 + -1 - -3 - (11 + -10)?
4
Evaluate (-2 - -4 - 2) + 2 + -4.
-2
Calculate -8 - (12 + -9 + -3).
-8
Calculate -2 - (-2 - ((-3 - -1) + 0)).
-2
Calculate 1 - (-4 - (0 + -2)).
3
(5 - (6 + -3)) + -5 + -1
-4
What is the value of 4 - 7 - (-3 - -2) - -7?
5
Evaluate -4 + 12 - 8 - -9.
9
Evaluate 4 + (-2 - 2) + 4 + -1.
3
What is the value of 3 - (3 + -4 + -5)?
9
Calculate 9 - (-4 - -3) - 8.
2
What is the value of -3 + 4 + (2 - 2) + -3?
-2
What is -3 + 8 - (-3 - (-3 + -4))?
1
What is 7 - (-5 + 1) - 12?
-1
What is the value of -4 - -16 - 11 - (3 - 0)?
-2
What is 5 + 2 + 1 + -6?
2
What is 2 + 1 - (-1 - -3)?
1
What is 3 + 1 - (28 + -4 + -14)?
-6
Evaluate -4 + -4 + 7 + 0.
-1
What is the value of (3 - 7) + 7 + -6?
-3
9 + -4 + -3 - (1 + -1)
2
What is the value of 1 + (2 - 4) + -2?
-3
-5 + 6 + (-2 - 0)
-1
What is the value of -1 + 1 - (-15 + 17)?
-2
Evaluate -1 - (1 - 2) - (21 - 24).
3
2 - (0 - (0 + -3 + 3))
2
What is 9 + (-4 - (4 + 0) - -4)?
5
What is 0 + 5 + (-5 - -2)?
2
(46 - 47 - (-5 - 1)) + -6
-1
What is 10 + 4 + -20 - -2?
-4
8 + (-8 - (-2 - 4 - -1))
5
-3 + 3 - 8 - -5
-3
Calculate (4 - (0 + 2)) + -9 + 1.
-6
What is 0 - (-25 + 25) - (-1 - 3)?
4
-4 - -6 - ((-1 - -5) + -1)
-1
What is the value of (-2 - 0) + -1 + 2 + 3?
2
Calculate 8 + -7 + (-1 - 5 - -10).
5
What is the value of 0 + -5 + 1 + 5?
1
What is 5 + (-4 - -2 - (0 - -1))?
2
Evaluate -9 + 11 + -5 + 1.
-2
What is the value of 9 + 0 + 6 + -11?
4
What is -1 + 4 - (4 + (1 - 2))?
0
Calculate 10 + -3 + -15 - -8.
0
-11 + (5 - -2) + (-1 - -5)
0
Calculate 0 + (-1 - 0) + (0 - -2).
1
Calculate (-5 + -2 + 3 - -10) + 0.
6
What is -15 + 6 - (1 + -2 - 5)?
-3
Calculate (-1 - 4) + 3 + 11 - 3.
6
Evaluate -2 + -10 + 9 + -5 - -3.
-5
What is the value of 6 - (1 + 3) - 6?
-4
Evaluate 0 - (-6 + 3) - 0.
3
What is the value of 8 - ((10 - 8) + (0 - 0))?
6
What is -9 + 5 + -1 + 1?
-4
What is 4 - 1 - 3 - (-1 - -3)?
-2
What is the value of (5 - (4 - 0 - 5)) + 0?
6
What is 3 - ((-12 - -16) + -5 + 0)?
4
What is -3 - 1 - (36 + -35)?
-5
What is (2 - 6) + (-3 - -4) + 7?
4
What is 2 + (-2 - 1 - -1) - 2?
-2
Calculate -3 + 9 - ((13 - 6) + -6).
5
What is 0 + -2 + -125 + 131?
4
Calculate -6 + (16 - 5) + 0 + -1.
4
Evaluate -15 + 2 - (16 + -23 + 2).
-8
What is -39 + 43 - (-1 - (-10 - -1))?
-4
What is the value of -1 + -2 - (3 + -1 + -6)?
1
Evaluate 8 - 5 - (0 + 1 + -1).
3
Calculate -8 + 19 + (8 - 11).
8
Evaluate -11 + (-1 - (-18 - -3)).
3
Evaluate -4 + -1 - (-2 - 2 - -7).
-8
What is the value of (6 - 4) + 3 + -12 + 7?
0
What is -4 - (-7 - (4 + 3 - 5))?
5
What is -5 + (1 - 1) + (5 - 1)?
-1
What is the value of (-21 - -26) + 6 + (-6 - -1)?
6
What is 0 + -4 - (-12 + (17 - 8))?
-1
Evaluate (7 - (0 - 2) - 3) + -1.
5
Calculate 1 + 3 + (-13 + 6 - -8).
5
What is the value of (17 - 20) + (8 - 0)?
5
20 + -17 + (-3 - -1)
1
-2 + (-3 - -5 - -3)
3
What is the value of (-14 - -17) + 0 + 1 + 1?
5
Evaluate 13 + (-10 - -2 - -1) + 2.
8
Evaluate 28 + -27 + 2 + -1.
2
Calculate 1 - (-4 - 2) - (-3 - -9).
1
What is -16 + 14 + -1 + 0 + 4?
1
What is the value of (-8 - -12 - 15) + 6?
-5
Evaluate -4 + (-6 - (-3 + -6)).
-1
What is the value o